{"id":8301,"date":"2018-01-03T09:18:54","date_gmt":"2018-01-03T09:18:54","guid":{"rendered":"http:\/\/www.investmat.nicedaybranding.com\/?page_id=8301"},"modified":"2018-10-04T09:23:47","modified_gmt":"2018-10-04T09:23:47","slug":"lineas-investigacio","status":"publish","type":"page","link":"https:\/\/madphy-upv.com\/val\/lineas-investigacio\/","title":{"rendered":"Lineas de investigaci\u00f3"},"content":{"rendered":"[vc_row type=\u00bbfull_width_background\u00bb full_screen_row_position=\u00bbmiddle\u00bb scene_position=\u00bbcenter\u00bb text_color=\u00bbdark\u00bb text_align=\u00bbleft\u00bb top_padding=\u00bb40&#8243; bottom_padding=\u00bb120&#8243; overlay_strength=\u00bb0.3&#8243; shape_divider_position=\u00bbbottom\u00bb shape_type=\u00bb\u00bb][vc_column column_padding=\u00bbno-extra-padding\u00bb column_padding_position=\u00bball\u00bb background_color_opacity=\u00bb1&#8243; background_hover_color_opacity=\u00bb1&#8243; column_shadow=\u00bbnone\u00bb column_border_radius=\u00bbnone\u00bb width=\u00bb5\/6&#8243; tablet_text_alignment=\u00bbdefault\u00bb phone_text_alignment=\u00bbdefault\u00bb column_border_width=\u00bbnone\u00bb column_border_color=\u00bb#d8d8d8&#8243; column_border_style=\u00bbsolid\u00bb][tabbed_section style=\u00bbminimal\u00bb alignment=\u00bbleft\u00bb spacing=\u00bbdefault\u00bb tab_color=\u00bbAccent-Color\u00bb cta_button_style=\u00bbaccent-color\u00bb icon_size=\u00bb24&#8243;][tab icon_family=\u00bbnone\u00bb title=\u00bbL\u00edneas de investigaci\u00f3n\u00bb id=\u00bb1526376945-1-93&#8243; tab_id=\u00bb1526377014972-8&#8243;][vc_column_text]\n<h4><span style=\"color: #ff0000;\">1.<\/span> An\u00e1lisis funcional y aplicaciones de esta materia a otras \u00e1reas tanto de la ciencia te\u00f3rica como aplicada, como la mec\u00e1nica cu\u00e1ntica y el an\u00e1lisis de se\u00f1ales en ac\u00fastica.<\/h4>\n<h4><span style=\"color: #ff0000;\">2.<\/span> Investigaci\u00f3n en F\u00edsica, dedicada a los Cristales Fot\u00f3nicos y a la propagaci\u00f3n en medios peri\u00f3dicos, Metamateriales, F\u00edsica No Lineal.<\/h4>\n<h4><span style=\"color: #ff0000;\">3.<\/span> Did\u00e1ctica, centrada en el uso de la Modelizaci\u00f3n Matem\u00e1tica en la ense\u00f1anza.<\/h4>\n<h4><span style=\"color: #ff0000;\">4.<\/span> An\u00e1lisis de datos abiertos y sus m\u00e9tricas.<\/h4>\n<h4><span style=\"color: #ff0000;\">5.<\/span> Gesti\u00f3n y an\u00e1lisis de datos de investigaci\u00f3n, Comunicaci\u00f3n cient\u00edfica y acceso abierto.<\/h4>\n<h4><span style=\"color: #ff0000;\">6.<\/span> Tecnolog\u00edas relacionadas con teor\u00eda de grafos para el an\u00e1lisis del fraude.<\/h4>\n<h4><span style=\"color: #ff0000;\">7.<\/span> Uso del machine learning para la prospectiva econ\u00f3mica, detecci\u00f3n del fraude.<\/h4>\n[\/vc_column_text][\/tab][tab icon_family=\u00bbnone\u00bb title=\u00bbConvenios de investigaci\u00f3n\u00bb id=\u00bb1526377247414-2-7&#8243; tab_id=\u00bb1526377014972-8&#8243;][vc_column_text]\n<h4><span style=\"color: #ff0000;\">\u2022<\/span> Fomento de la Investigaci\u00f3n en An\u00e1lisis de Informaci\u00f3n y Gesti\u00f3n del Conocimiento en Relaci\u00f3n a la Transformaci\u00f3n del Modelo Econ\u00f3mico Valenciano (2017-2018)<\/h4>\n<h4><span style=\"color: #ff0000;\">\u2022<\/span> Realizaci\u00f3n Web Acceso Abierto Directorio Colecciones Fotogr\u00e1ficas del Estado (2011-2012)<\/h4>\n<h4><span style=\"color: #ff0000;\">\u2022<\/span> Dise\u00f1o de Un Nuevo Sistema de Gesti\u00f3n para el Sector Alimentario (2009-2010)<\/h4>\n<h4><span style=\"color: #ff0000;\">\u2022<\/span> Estudio de Necesidades para la Implantaci\u00f3n de Una Biblioteca Digital (2009-2011)<\/h4>\n<h4><span style=\"color: #ff0000;\">\u2022<\/span> Desarrollo de E-Lis (E-Prints In Library And Information Science) (2009-2010)<\/h4>\n<h4><span style=\"color: #ff0000;\">\u2022<\/span> Recursos Digitales Normalizados y Repositorio OAI para la Colecci\u00f3n Fondo Fotogr\u00e1fico Universidad de Navarra (2008)<\/h4>\n<h4><span style=\"color: #ff0000;\">\u2022<\/span> Organizaci\u00f3n de la informaci\u00f3n contable de las cooperativas agrarias de la Comunidad Valenciana (2005)<\/h4>\n<h4><span style=\"color: #ff0000;\">\u2022<\/span> Creaci\u00f3n y direcci\u00f3n del Portal de Econom\u00eda Social (EcSocial.com) (2004-2015)<\/h4>\n[\/vc_column_text][\/tab][\/tabbed_section][\/vc_column][vc_column column_padding=\u00bbno-extra-padding\u00bb column_padding_position=\u00bball\u00bb background_color_opacity=\u00bb1&#8243; background_hover_color_opacity=\u00bb1&#8243; column_shadow=\u00bbnone\u00bb column_border_radius=\u00bbnone\u00bb width=\u00bb1\/6&#8243; tablet_text_alignment=\u00bbdefault\u00bb phone_text_alignment=\u00bbdefault\u00bb column_border_width=\u00bbnone\u00bb column_border_style=\u00bbsolid\u00bb][\/vc_column][\/vc_row]\n<!-- AddThis Advanced Settings generic via filter on the_content --><!-- AddThis Share Buttons generic via filter on the_content -->","protected":false},"excerpt":{"rendered":"<p>[vc_row type=\u00bbfull_width_background\u00bb full_screen_row_position=\u00bbmiddle\u00bb scene_position=\u00bbcenter\u00bb text_color=\u00bbdark\u00bb text_align=\u00bbleft\u00bb top_padding=\u00bb40&#8243; bottom_padding=\u00bb120&#8243; overlay_strength=\u00bb0.3&#8243; shape_divider_position=\u00bbbottom\u00bb shape_type=\u00bb\u00bb][vc_column column_padding=\u00bbno-extra-padding\u00bb column_padding_position=\u00bball\u00bb background_color_opacity=\u00bb1&#8243; background_hover_color_opacity=\u00bb1&#8243; column_shadow=\u00bbnone\u00bb column_border_radius=\u00bbnone\u00bb width=\u00bb5\/6&#8243; tablet_text_alignment=\u00bbdefault\u00bb phone_text_alignment=\u00bbdefault\u00bb column_border_width=\u00bbnone\u00bb column_border_color=\u00bb#d8d8d8&#8243; column_border_style=\u00bbsolid\u00bb][tabbed_section style=\u00bbminimal\u00bb alignment=\u00bbleft\u00bb spacing=\u00bbdefault\u00bb tab_color=\u00bbAccent-Color\u00bb cta_button_style=\u00bbaccent-color\u00bb icon_size=\u00bb24&#8243;][tab icon_family=\u00bbnone\u00bb&#8230;<!-- AddThis Advanced Settings generic via filter on get_the_excerpt --><!-- AddThis Share Buttons generic via filter on get_the_excerpt --><\/p>\n","protected":false},"author":3,"featured_media":0,"parent":0,"menu_order":0,"comment_status":"closed","ping_status":"closed","template":"","meta":[],"yoast_head":"<!-- This site is optimized with the Yoast SEO plugin v14.8.1 - https:\/\/yoast.com\/wordpress\/plugins\/seo\/ -->\n<title>Lineas de investigaci\u00f3 | Madphy<\/title>\n<meta name=\"robots\" content=\"index, follow\" \/>\n<meta name=\"googlebot\" content=\"index, follow, max-snippet:-1, max-image-preview:large, max-video-preview:-1\" \/>\n<meta name=\"bingbot\" content=\"index, follow, max-snippet:-1, max-image-preview:large, max-video-preview:-1\" \/>\n<link rel=\"canonical\" href=\"https:\/\/www.madphy.webs.upv.es\/val\/lineas-investigacio\/\" \/>\n<meta property=\"og:locale\" content=\"es_ES\" \/>\n<meta property=\"og:type\" content=\"article\" \/>\n<meta property=\"og:title\" content=\"Lineas de investigaci\u00f3 | Madphy\" \/>\n<meta property=\"og:description\" content=\"[vc_row type=\u00bbfull_width_background\u00bb full_screen_row_position=\u00bbmiddle\u00bb scene_position=\u00bbcenter\u00bb text_color=\u00bbdark\u00bb text_align=\u00bbleft\u00bb top_padding=\u00bb40&#8243; bottom_padding=\u00bb120&#8243; overlay_strength=\u00bb0.3&#8243; shape_divider_position=\u00bbbottom\u00bb shape_type=\u00bb\u00bb][vc_column column_padding=\u00bbno-extra-padding\u00bb column_padding_position=\u00bball\u00bb background_color_opacity=\u00bb1&#8243; background_hover_color_opacity=\u00bb1&#8243; column_shadow=\u00bbnone\u00bb column_border_radius=\u00bbnone\u00bb width=\u00bb5\/6&#8243; tablet_text_alignment=\u00bbdefault\u00bb phone_text_alignment=\u00bbdefault\u00bb column_border_width=\u00bbnone\u00bb column_border_color=\u00bb#d8d8d8&#8243; column_border_style=\u00bbsolid\u00bb][tabbed_section style=\u00bbminimal\u00bb alignment=\u00bbleft\u00bb spacing=\u00bbdefault\u00bb tab_color=\u00bbAccent-Color\u00bb cta_button_style=\u00bbaccent-color\u00bb icon_size=\u00bb24&#8243;][tab icon_family=\u00bbnone\u00bb...\" \/>\n<meta property=\"og:url\" content=\"https:\/\/www.madphy.webs.upv.es\/val\/lineas-investigacio\/\" \/>\n<meta property=\"og:site_name\" content=\"Madphy\" \/>\n<meta property=\"article:publisher\" content=\"https:\/\/www.facebook.com\/etsinf\" \/>\n<meta property=\"article:modified_time\" content=\"2018-10-04T09:23:47+00:00\" \/>\n<meta name=\"twitter:card\" content=\"summary\" \/>\n<meta name=\"twitter:creator\" content=\"@etsinfupv\" \/>\n<meta name=\"twitter:site\" content=\"@etsinfupv\" \/>\n<script type=\"application\/ld+json\" class=\"yoast-schema-graph\">{\"@context\":\"https:\/\/schema.org\",\"@graph\":[{\"@type\":\"WebSite\",\"@id\":\"https:\/\/madphy-upv.com\/val\/#website\",\"url\":\"https:\/\/madphy-upv.com\/val\/\",\"name\":\"Madphy\",\"description\":\"Grupo de Investigaci\\u00f3n\",\"potentialAction\":[{\"@type\":\"SearchAction\",\"target\":\"https:\/\/madphy-upv.com\/val\/?s={search_term_string}\",\"query-input\":\"required name=search_term_string\"}],\"inLanguage\":\"es\"},{\"@type\":\"WebPage\",\"@id\":\"https:\/\/www.madphy.webs.upv.es\/val\/lineas-investigacio\/#webpage\",\"url\":\"https:\/\/www.madphy.webs.upv.es\/val\/lineas-investigacio\/\",\"name\":\"Lineas de investigaci\\u00f3 | Madphy\",\"isPartOf\":{\"@id\":\"https:\/\/madphy-upv.com\/val\/#website\"},\"datePublished\":\"2018-01-03T09:18:54+00:00\",\"dateModified\":\"2018-10-04T09:23:47+00:00\",\"inLanguage\":\"es\",\"potentialAction\":[{\"@type\":\"ReadAction\",\"target\":[\"https:\/\/www.madphy.webs.upv.es\/val\/lineas-investigacio\/\"]}]}]}<\/script>\n<!-- \/ Yoast SEO plugin. -->","_links":{"self":[{"href":"https:\/\/madphy-upv.com\/val\/wp-json\/wp\/v2\/pages\/8301\/"}],"collection":[{"href":"https:\/\/madphy-upv.com\/val\/wp-json\/wp\/v2\/pages\/"}],"about":[{"href":"https:\/\/madphy-upv.com\/val\/wp-json\/wp\/v2\/types\/page\/"}],"author":[{"embeddable":true,"href":"https:\/\/madphy-upv.com\/val\/wp-json\/wp\/v2\/users\/3\/"}],"replies":[{"embeddable":true,"href":"https:\/\/madphy-upv.com\/val\/wp-json\/wp\/v2\/comments\/?post=8301"}],"version-history":[{"count":3,"href":"https:\/\/madphy-upv.com\/val\/wp-json\/wp\/v2\/pages\/8301\/revisions\/"}],"predecessor-version":[{"id":9132,"href":"https:\/\/madphy-upv.com\/val\/wp-json\/wp\/v2\/pages\/8301\/revisions\/9132\/"}],"wp:attachment":[{"href":"https:\/\/madphy-upv.com\/val\/wp-json\/wp\/v2\/media\/?parent=8301"}],"curies":[{"name":"wp","href":"https:\/\/api.w.org\/{rel}","templated":true}]}}