{"id":8404,"date":"2016-01-12T12:37:50","date_gmt":"2016-01-12T12:37:50","guid":{"rendered":"http:\/\/www.investmat.nicedaybranding.com\/?page_id=8404"},"modified":"2018-10-04T09:39:49","modified_gmt":"2018-10-04T09:39:49","slug":"contacte","status":"publish","type":"page","link":"https:\/\/madphy-upv.com\/val\/contacte\/","title":{"rendered":"Contacte"},"content":{"rendered":"[vc_row type=\u00bbin_container\u00bb full_screen_row_position=\u00bbmiddle\u00bb scene_position=\u00bbcenter\u00bb text_color=\u00bbdark\u00bb text_align=\u00bbleft\u00bb top_padding=\u00bb40&#8243; overlay_strength=\u00bb0.3&#8243; shape_divider_position=\u00bbbottom\u00bb shape_type=\u00bb\u00bb][vc_column column_padding=\u00bbno-extra-padding\u00bb column_padding_position=\u00bbtop-bottom\u00bb background_color_opacity=\u00bb1&#8243; background_hover_color_opacity=\u00bb1&#8243; column_shadow=\u00bbnone\u00bb column_border_radius=\u00bbnone\u00bb width=\u00bb1\/1&#8243; tablet_text_alignment=\u00bbdefault\u00bb phone_text_alignment=\u00bbdefault\u00bb column_border_width=\u00bbnone\u00bb column_border_style=\u00bbsolid\u00bb][vc_column_text css=\u00bb.vc_custom_1525874270256{padding-top: 40px !important;}\u00bb]\n<h3>Para cualquier consulta o sugerencia no dudes en ponerte en contacto.<\/h3>\n[\/vc_column_text][\/vc_column][\/vc_row][vc_row type=\u00bbin_container\u00bb full_screen_row_position=\u00bbmiddle\u00bb scene_position=\u00bbcenter\u00bb text_color=\u00bbdark\u00bb text_align=\u00bbleft\u00bb bottom_padding=\u00bb5&#8243; overlay_strength=\u00bb0.3&#8243; shape_divider_position=\u00bbbottom\u00bb shape_type=\u00bb\u00bb][vc_column column_padding=\u00bbno-extra-padding\u00bb column_padding_position=\u00bball\u00bb background_color_opacity=\u00bb1&#8243; background_hover_color_opacity=\u00bb1&#8243; column_shadow=\u00bbnone\u00bb column_border_radius=\u00bbnone\u00bb top_margin=\u00bb60px\u00bb bottom_margin=\u00bb60px\u00bb width=\u00bb1\/1&#8243; tablet_text_alignment=\u00bbdefault\u00bb phone_text_alignment=\u00bbdefault\u00bb column_border_width=\u00bbnone\u00bb column_border_style=\u00bbsolid\u00bb][vc_row_inner column_margin=\u00bbdefault\u00bb text_align=\u00bbleft\u00bb][vc_column_inner column_padding=\u00bbno-extra-padding\u00bb column_padding_position=\u00bball\u00bb background_color_opacity=\u00bb1&#8243; background_hover_color_opacity=\u00bb1&#8243; column_shadow=\u00bbnone\u00bb column_border_radius=\u00bbnone\u00bb width=\u00bb1\/1&#8243; column_border_width=\u00bbnone\u00bb column_border_style=\u00bbsolid\u00bb][vc_column_text]<div role=\"form\" class=\"wpcf7\" id=\"wpcf7-f7752-o1\" lang=\"es-ES\" dir=\"ltr\">\n<div class=\"screen-reader-response\" role=\"alert\" aria-live=\"polite\"><\/div>\n<form action=\"\/val\/wp-json\/wp\/v2\/pages\/8404\/#wpcf7-f7752-o1\" method=\"post\" class=\"wpcf7-form init\" novalidate=\"novalidate\">\n<div style=\"display: none;\">\n<input type=\"hidden\" name=\"_wpcf7\" value=\"7752\" \/>\n<input type=\"hidden\" name=\"_wpcf7_version\" value=\"5.2.1\" \/>\n<input type=\"hidden\" name=\"_wpcf7_locale\" value=\"es_ES\" \/>\n<input type=\"hidden\" name=\"_wpcf7_unit_tag\" value=\"wpcf7-f7752-o1\" \/>\n<input type=\"hidden\" name=\"_wpcf7_container_post\" value=\"0\" \/>\n<input type=\"hidden\" name=\"_wpcf7_posted_data_hash\" value=\"\" \/>\n<\/div>\n<p><span class=\"wpcf7-form-control-wrap your-name\"><input type=\"text\" name=\"your-name\" value=\"\" size=\"40\" class=\"wpcf7-form-control wpcf7-text wpcf7-validates-as-required\" aria-required=\"true\" aria-invalid=\"false\" placeholder=\"Tu nombre\" \/><\/span> <\/p>\n<p><span class=\"wpcf7-form-control-wrap your-email\"><input type=\"email\" name=\"your-email\" value=\"\" size=\"40\" class=\"wpcf7-form-control wpcf7-text wpcf7-email wpcf7-validates-as-required wpcf7-validates-as-email\" aria-required=\"true\" aria-invalid=\"false\" placeholder=\"Email\" \/><\/span> <\/p>\n<p><span class=\"wpcf7-form-control-wrap your-subject\"><input type=\"text\" name=\"your-subject\" value=\"\" size=\"40\" class=\"wpcf7-form-control wpcf7-text wpcf7-validates-as-required\" aria-required=\"true\" aria-invalid=\"false\" placeholder=\"Asunto\" \/><\/span> <\/p>\n<p><span class=\"wpcf7-form-control-wrap textarea-3\"><textarea name=\"textarea-3\" cols=\"40\" rows=\"10\" class=\"wpcf7-form-control wpcf7-textarea wpcf7-validates-as-required mensaje\" aria-required=\"true\" aria-invalid=\"false\" placeholder=\"\u00bfEn qu\u00e9 podemos ayudarte?\"><\/textarea><\/span> <\/p>\n<p class=\"enviar-formulario\"><input type=\"submit\" value=\"Enviar\" class=\"wpcf7-form-control wpcf7-submit\" \/><\/p>\n<div class=\"wpcf7-response-output\" role=\"alert\" aria-hidden=\"true\"><\/div><\/form><\/div>[\/vc_column_text][\/vc_column_inner][\/vc_row_inner][\/vc_column][\/vc_row][vc_row type=\u00bbin_container\u00bb full_screen_row_position=\u00bbmiddle\u00bb scene_position=\u00bbcenter\u00bb text_color=\u00bbdark\u00bb text_align=\u00bbleft\u00bb top_padding=\u00bb20&#8243; bottom_padding=\u00bb120&#8243; overlay_strength=\u00bb0.3&#8243; shape_divider_position=\u00bbbottom\u00bb shape_type=\u00bb\u00bb][vc_column column_padding=\u00bbno-extra-padding\u00bb column_padding_position=\u00bbtop-bottom\u00bb background_color_opacity=\u00bb1&#8243; background_hover_color_opacity=\u00bb1&#8243; column_shadow=\u00bbnone\u00bb column_border_radius=\u00bbnone\u00bb width=\u00bb1\/1&#8243; tablet_text_alignment=\u00bbdefault\u00bb phone_text_alignment=\u00bbdefault\u00bb column_border_width=\u00bbnone\u00bb column_border_style=\u00bbsolid\u00bb][vc_column_text css=\u00bb.vc_custom_1526379179709{padding-top: 40px !important;}\u00bb]\n<h3>Localizaci\u00f3n, mapas, planos y transporte<\/h3>\n[\/vc_column_text][vc_column_text css=\u00bb.vc_custom_1515066252866{padding-top: 40px !important;}\u00bb]\n<ul>\n<li>C\u00f3mo llegar a la Facultat de Matem\u00e0tiques de la Universitat de Val\u00e8ncia (Campus de Burjassot):\n<ul>\n<li><a href=\"http:\/\/www.uv.es\/uvweb\/mathematics\/es\/faculty\/location-contact\/location-1285848654797.html\" target=\"_top\">Localizaci\u00f3n y c\u00f3mo llegar<\/a><\/li>\n<li><a href=\"https:\/\/www.uv.es\/uvweb\/universitat\/es\/universitat\/viure-universitat\/campus\/campus-burjassot-paterna-1285847044870.html\" target=\"_top\">Plano del Campus de Burjassot-Paterna<\/a><\/li>\n<\/ul>\n<\/li>\n<li>C\u00f3mo llegar al Campus de Vera de la Universidad Polit\u00e9cnica de Valencia:\n<ul>\n<li><a href=\"http:\/\/www.upv.es\/organizacion\/como-llegar-upv\/campus-vera\/index-es.html\" target=\"_blank\" rel=\"noopener\">C\u00f3mo llegar<\/a><\/li>\n<li><a href=\"http:\/\/www.upv.es\/plano\/plano_upvc.html\" target=\"_blank\" rel=\"noopener\">Plano interactivo<\/a>\u00a0(el Departamento de Matem\u00e1tica Aplicada se encuentra en el edificio 7A)<\/li>\n<li><a href=\"http:\/\/www.upv.es\/plano\/directorio-es.pdf\" target=\"_blank\" rel=\"noopener\">Plano para imprimir (PDF)<\/a><\/li>\n<\/ul>\n<\/li>\n<\/ul>\n[\/vc_column_text][\/vc_column][\/vc_row]\n<!-- AddThis Advanced Settings generic via filter on the_content --><!-- AddThis Share Buttons generic via filter on the_content -->","protected":false},"excerpt":{"rendered":"<p>[vc_row type=\u00bbin_container\u00bb full_screen_row_position=\u00bbmiddle\u00bb scene_position=\u00bbcenter\u00bb text_color=\u00bbdark\u00bb text_align=\u00bbleft\u00bb top_padding=\u00bb40&#8243; overlay_strength=\u00bb0.3&#8243; shape_divider_position=\u00bbbottom\u00bb shape_type=\u00bb\u00bb][vc_column column_padding=\u00bbno-extra-padding\u00bb column_padding_position=\u00bbtop-bottom\u00bb background_color_opacity=\u00bb1&#8243; background_hover_color_opacity=\u00bb1&#8243; column_shadow=\u00bbnone\u00bb column_border_radius=\u00bbnone\u00bb width=\u00bb1\/1&#8243; tablet_text_alignment=\u00bbdefault\u00bb phone_text_alignment=\u00bbdefault\u00bb column_border_width=\u00bbnone\u00bb column_border_style=\u00bbsolid\u00bb][vc_column_text css=\u00bb.vc_custom_1525874270256{padding-top: 40px !important;}\u00bb] Para cualquier consulta o sugerencia no&#8230;<!-- AddThis Advanced Settings generic via filter on get_the_excerpt --><!-- AddThis Share Buttons generic via filter on get_the_excerpt --><\/p>\n","protected":false},"author":3,"featured_media":0,"parent":0,"menu_order":0,"comment_status":"closed","ping_status":"closed","template":"","meta":[],"yoast_head":"<!-- This site is optimized with the Yoast SEO plugin v14.8.1 - https:\/\/yoast.com\/wordpress\/plugins\/seo\/ -->\n<title>Contacte | Madphy<\/title>\n<meta name=\"robots\" content=\"index, follow\" \/>\n<meta name=\"googlebot\" content=\"index, follow, max-snippet:-1, max-image-preview:large, max-video-preview:-1\" \/>\n<meta name=\"bingbot\" content=\"index, follow, max-snippet:-1, max-image-preview:large, max-video-preview:-1\" \/>\n<link rel=\"canonical\" href=\"https:\/\/www.madphy.webs.upv.es\/val\/contacte\/\" \/>\n<meta property=\"og:locale\" content=\"es_ES\" \/>\n<meta property=\"og:type\" content=\"article\" \/>\n<meta property=\"og:title\" content=\"Contacte | Madphy\" \/>\n<meta property=\"og:description\" content=\"[vc_row type=\u00bbin_container\u00bb full_screen_row_position=\u00bbmiddle\u00bb scene_position=\u00bbcenter\u00bb text_color=\u00bbdark\u00bb text_align=\u00bbleft\u00bb top_padding=\u00bb40&#8243; overlay_strength=\u00bb0.3&#8243; shape_divider_position=\u00bbbottom\u00bb shape_type=\u00bb\u00bb][vc_column column_padding=\u00bbno-extra-padding\u00bb column_padding_position=\u00bbtop-bottom\u00bb background_color_opacity=\u00bb1&#8243; background_hover_color_opacity=\u00bb1&#8243; column_shadow=\u00bbnone\u00bb column_border_radius=\u00bbnone\u00bb width=\u00bb1\/1&#8243; tablet_text_alignment=\u00bbdefault\u00bb phone_text_alignment=\u00bbdefault\u00bb column_border_width=\u00bbnone\u00bb column_border_style=\u00bbsolid\u00bb][vc_column_text css=\u00bb.vc_custom_1525874270256{padding-top: 40px !important;}\u00bb] Para cualquier consulta o sugerencia no...\" \/>\n<meta property=\"og:url\" content=\"https:\/\/www.madphy.webs.upv.es\/val\/contacte\/\" \/>\n<meta property=\"og:site_name\" content=\"Madphy\" \/>\n<meta property=\"article:publisher\" content=\"https:\/\/www.facebook.com\/etsinf\" \/>\n<meta property=\"article:modified_time\" content=\"2018-10-04T09:39:49+00:00\" \/>\n<meta name=\"twitter:card\" content=\"summary\" \/>\n<meta name=\"twitter:creator\" content=\"@etsinfupv\" \/>\n<meta name=\"twitter:site\" content=\"@etsinfupv\" \/>\n<script type=\"application\/ld+json\" class=\"yoast-schema-graph\">{\"@context\":\"https:\/\/schema.org\",\"@graph\":[{\"@type\":\"WebSite\",\"@id\":\"https:\/\/madphy-upv.com\/val\/#website\",\"url\":\"https:\/\/madphy-upv.com\/val\/\",\"name\":\"Madphy\",\"description\":\"Grupo de Investigaci\\u00f3n\",\"potentialAction\":[{\"@type\":\"SearchAction\",\"target\":\"https:\/\/madphy-upv.com\/val\/?s={search_term_string}\",\"query-input\":\"required name=search_term_string\"}],\"inLanguage\":\"es\"},{\"@type\":\"WebPage\",\"@id\":\"https:\/\/www.madphy.webs.upv.es\/val\/contacte\/#webpage\",\"url\":\"https:\/\/www.madphy.webs.upv.es\/val\/contacte\/\",\"name\":\"Contacte | Madphy\",\"isPartOf\":{\"@id\":\"https:\/\/madphy-upv.com\/val\/#website\"},\"datePublished\":\"2016-01-12T12:37:50+00:00\",\"dateModified\":\"2018-10-04T09:39:49+00:00\",\"inLanguage\":\"es\",\"potentialAction\":[{\"@type\":\"ReadAction\",\"target\":[\"https:\/\/www.madphy.webs.upv.es\/val\/contacte\/\"]}]}]}<\/script>\n<!-- \/ Yoast SEO plugin. -->","_links":{"self":[{"href":"https:\/\/madphy-upv.com\/val\/wp-json\/wp\/v2\/pages\/8404\/"}],"collection":[{"href":"https:\/\/madphy-upv.com\/val\/wp-json\/wp\/v2\/pages\/"}],"about":[{"href":"https:\/\/madphy-upv.com\/val\/wp-json\/wp\/v2\/types\/page\/"}],"author":[{"embeddable":true,"href":"https:\/\/madphy-upv.com\/val\/wp-json\/wp\/v2\/users\/3\/"}],"replies":[{"embeddable":true,"href":"https:\/\/madphy-upv.com\/val\/wp-json\/wp\/v2\/comments\/?post=8404"}],"version-history":[{"count":2,"href":"https:\/\/madphy-upv.com\/val\/wp-json\/wp\/v2\/pages\/8404\/revisions\/"}],"predecessor-version":[{"id":9138,"href":"https:\/\/madphy-upv.com\/val\/wp-json\/wp\/v2\/pages\/8404\/revisions\/9138\/"}],"wp:attachment":[{"href":"https:\/\/madphy-upv.com\/val\/wp-json\/wp\/v2\/media\/?parent=8404"}],"curies":[{"name":"wp","href":"https:\/\/api.w.org\/{rel}","templated":true}]}}